osite number?
False
Suppose 0 = 2*a + 2*y - 93782, a - y - 53422 + 6535 = 0. Is a prime?
True
Let z = 2241 - -698. Is z a prime number?
True
Let q(m) = -24*m + 14*m + 12*m. Let y be q(2). Suppose -y*h = -l + 237, l - 71 = h + 154. Is l composite?
True
Let s be 3/12*-255*-20. Suppose 4*u = q - 333, 3*u - s = -4*q - 0*u. Is q a composite number?
True
Is 1 + 5 + -10 + (49141 - -2) prime?
True
Suppose b - 11*c + 6*c - 300 = 0, 2*b - 3*c - 607 = 0. Is b composite?
True
Let r(j) = 11393*j**2 - 3*j - 3. Suppose 13*y = 9*y - 4. Is r(y) a composite number?
False
Suppose 3*g + 17706 = 3*o, -4*o = -7*o - g + 17710. Is o composite?
False
Let m be 0/((-15)/(-10)*2). Suppose -5*x + 8*x + 2*n - 149 = 0, -3*x - 5*n + 152 = 0. Is (1 - (m + -1)) + x prime?
False
Suppose -c - 15 = -0. Let t be 1*1*c/(-3). Is 10738/35 + 1/t prime?
True
Let v be (-135)/(-36) + 2/8. Suppose -v*p - 38 = 2*n, -3*n = -p + 6*p + 55. Is (-6)/4*1910/n a composite number?
False
Let l(k) = -k**3 - 4*k**2 + 2*k - 7. Let g be l(-5). Let d be 2*(-12)/g*-1. Suppose d*n = 3*j - 78, 5*n = 2*j - 11 - 44. Is j a prime number?
False
Is 365 - (-8 + 4/2) composite?
True
Let c(t) = 2*t**2 - 6*t. Let l be c(4). Let k(f) = -f**3 + 8*f**2 + 8*f + 1. Is k(l) a prime number?
False
Let a(g) = 5*g**3 + 21*g**2 + 5*g - 4. Let b(l) = -9*l**3 - 41*l**2 - 11*l + 9. Let i(q) = -7*a(q) - 4*b(q). Is i(-15) a composite number?
False
Suppose 0 = 3*d - 9*d + 24. Is 4 - (d - (1126 + -5)) composite?
True
Let b = 88 - 94. Let d(p) = -114*p + 11. Is d(b) a prime number?
False
Is -6 - (-3)/((-27)/(-16461)) prime?
True
Suppose -4*q + 273 = -b, -2*q + 3*b + 198 = q. Let j = q + 837. Suppose -p - j = -4*p. Is p prime?
False
Suppose -i - 7127 = -11*s + 6*s, -s + 1429 = i. Let w be (-9)/(-18) - s/4. Let k = 805 + w. Is k a prime number?
True
Let j = -24 + 114. Is (-623)/(-9) + (-20)/j prime?
False
Suppose -w + 3*a - 2*a + 115 = 0, 2*w = 4*a + 240. Let y be (-2)/((-4 - -6)/w). Let o = y + 207. Is o composite?
False
Is -303 + 297 + 20149 + 0 + 0 a composite number?
False
Let q(r) = -r - 29. Let v be q(0). Let m = v - -29. Suppose -g - 5*f + 1580 - 389 = m, -3517 = -3*g - f. Is g prime?
True
Let f = 123 + -25. Let h be f/(2 - 14/6). Is (10/15)/((-4)/h) prime?
False
Suppose 0 = -114*f + 110*f + 5260. Is f a prime number?
False
Is (-6)/14 + (-1)/(49/(-463610)) a prime number?
True
Let t = -26 + 31. Suppose t*z - 2918 = 3*z. Is z a prime number?
True
Let x(j) = -j**3 + 12*j**2 - 5*j - 7. Suppose 3*o = 5*o - 12. Is x(o) a prime number?
True
Let x(p) = -8*p**3 - 7*p**2 + 4*p + 1. Let o(f) = f**3 + f**2 - f - 1. Let q = -2 + 3. Let c(u) = q*x(u) + 6*o(u). Is c(-4) a prime number?
False
Suppose 4*a = 4*z + 13360, 23*a - 5*z - 13357 = 19*a. Is a composite?
False
Let y = 625 + 286. Is y composite?
False
Suppose 18*t = 21*t. Suppose -4*o + 3331 = 3*f - t*f, -5*f = -3*o - 5600. Is f a prime number?
True
Let x = 45 + 36. Let r = x - 117. Is (-2)/8 - 1413/r a prime number?
False
Is ((-97365)/75)/((-4)/20) a prime number?
True
Let y(x) be the second derivative of -x**4/12 + x**3/6 + 173*x**2/2 + 2*x. Let j be y(0). Suppose -10 = -5*k, -4*v + 2*k + j = -131. Is v a composite number?
True
Let p be (-1 + -1)*(-174)/4. Let a(y) = -y**3 - 6*y**2 - 8. Let v be a(-6). Let w = p + v. Is w a prime number?
True
Let n = -26 - -33. Is 35844/84 + 2/n prime?
False
Let a(z) be the third derivative of -39*z**4/8 - 5*z**3/2 - 5*z**2. Let i be a(-13). Suppose -f - i = -7*f. Is f composite?
False
Suppose 2*q + 12 = 2*s, 2*s = 5*q + 14 + 10. Suppose s*r = 5*r. Suppose r = -5*z + 361 - 86. Is z a prime number?
False
Let p = -503 + 1115. Suppose 2*n - 973 = -3*u, -5*n + p = 3*u - 1798. Is n a composite number?
False
Let p be (-25)/(-10)*(-4)/(-2). Suppose -3*d - p*f + 1358 = -d, -2744 = -4*d - 3*f. Is d a prime number?
False
Suppose -4*d = -3*d - 2. Suppose 0 = -4*z - j + 2231, -d*z - 2222 = -6*z + 2*j. Is z a prime number?
True
Let x be (-81)/18*(-2)/3. Suppose -2*o = x*o. Suppose -4*v = 4*k - 560, -2*v + k + 0*k + 277 = o. Is v composite?
False
Let d(h) = -h**3 - 12*h**2 + 14*h + 18. Let f be d(-13). Suppose 2*o = -2*o + 324. Suppose f*q + 45 + o = g, -5*g = 5*q - 510. Is g prime?
False
Suppose 2*h - 21 = 23. Suppose h = 5*n - 3*k, 0*k = 4*n + 5*k - 25. Suppose -n*d + 8*d - 1059 = 0. Is d a prime number?
True
Let w(t) = -7*t**2 - 6*t + 4. Let n(x) = -x**2 - x + 1. Let d(s) = -5*n(s) + w(s). Let a be d(-1). Is (-20)/(-5) + a + 125 composite?
False
Suppose 11*w - 273 - 1168 = 0. Is w a composite number?
False
Let f(y) = 9*y**3 + y**2 - 5*y - 38. Is f(9) a composite number?
True
Let s(d) = -d**3 + 7*d**2 + 5*d + 9. Let m(h) = -h**3 - h + 1. Let g(z) = 3*m(z) - s(z). Let a be g(-5). Let y = a - -60. Is y composite?
True
Let t(y) = -16 + 0*y - 2*y + 0*y. Let z be t(-14). Suppose -z = -2*v - u, -24 = -4*v + u + 4*u. Is v a composite number?
True
Suppose 3*j - 14 = 67. Is 829 - -1 - (22 - j) composite?
True
Suppose 2*q - 3 = 5. Suppose -3 = 5*v - 2*v, q*a - 1313 = -3*v. Is a composite?
True
Let y(s) = 6*s**3 - 6*s**2 + 13*s + 11. Let c be y(-12). Is (-18)/(-27)*(1 + c/(-2)) prime?
True
Suppose 0 = -10*q + 1130 + 2060. Is q a prime number?
False
Let k = 91 + 594. Is k a prime number?
False
Let t be -1 - (-1 - 2) - 2. Suppose j + 4*u - 10 = 0, 0 = -t*j + 3*j - 3*u. Suppose -3*z + 71 = j*k, -3*z + 53 - 204 = -4*k. Is k a composite number?
False
Let i(q) = -541*q - 47. Is i(-30) a composite number?
False
Let j(f) be the first derivative of -1/3*f**3 + 7*f**2 - 13 - 12*f. Is j(5) a prime number?
False
Let w(b) = -b**2 - 13. Let c be w(0). Let u = 16 + c. Suppose -2*o - 708 - 1704 = -2*i, 0 = -i + u*o + 1204. Is i a composite number?
True
Suppose 3*n = 6 - 42. Is -1228*(-1)/n*-3 composite?
False
Let p = 125 + 399. Let q = -351 + p. Suppose -2*s + i = -77, 0*s + 4*i - q = -5*s. Is s composite?
False
Is (-1010)/34*-65 - 6/(-51) composite?
False
Suppose -5 = 2*f + 3*r - 4, 3*f - r = -7. Is 53/(f/(8/(-4))) prime?
True
Let o = 17382 + -10543. Is o a prime number?
False
Let o be (4/(-12))/(1/3). Is o*(4 - 1) + 1044 + -14 prime?
False
Let t = 2743 + -1534. Let v = t + -1701. Let z = -233 - v. Is z a prime number?
False
Let t = -5583 + 11362. Is t a prime number?
True
Suppose -2*u + 23011 = 3*j, 7*j = -2*u - 0*u + 53695. Is j a composite number?
True
Let y = 50695 - 8190. Is y a prime number?
False
Let b = -1369 - -3054. Is b composite?
True
Let m = 14547 + -2590. Is m a composite number?
True
Suppose 3*x - 5*y + 1 = 16, 5*x = -y - 3. Let r = x + 3. Suppose -1021 = -r*v + 2*g, 5*v - 1708 = -2*g - g. Is v prime?
False
Let p(j) = -4 + 2 + 3 - 11*j. Let f be ((-2)/(-4))/((-5)/20). Is p(f) a composite number?
False
Suppose 6*z + 6 = -18. Let x(k) = 9*k**2 - 6*k - 2. Is x(z) composite?
True
Let b be 6*(8 + -4 + (-14)/4). Suppose 8721 = b*x + 2199. Is x prime?
False
Suppose 5*l - 5*h + 98 = 10913, -h - 6493 = -3*l. Is l + 2 + -3 + (11 - 14) composite?
False
Let q(d) = -d**3 + 7*d**2 - 7*d + 6. Let p be q(6). Suppose 2*b = -p*b. Suppose 4*w - 3*w - 83 = b. Is w composite?
False
Let u = -34 + 34. Let i be 0 + (7 - (u - -3)). Let n(c) = 2*c**3 - 3*c**2 + 6*c - 1. Is n(i) prime?
True
Suppose t - 2*t + 7 = 0. Suppose 113 = 3*c - d - 1583, 5*c - 2828 = 3*d. Suppose t*k - c = 2*k. Is k a composite number?
False
Let s be -2 + 1 - 2*-1. Let l(m) = 744*m - 7. Is l(s) a composite number?
True
Suppose c - 40 = 5*q - 2*c, -5*q - c = 20. Let g(u) = 3*u + 193*u**2 - 196*u**2 - 6*u**3 + 4*u**3 - 1. Is g(q) a composite number?
True
Suppose -5*x + 7*a - 2*a = -2920, -5*a - 1177 = -2*x. Is x prime?
False
Suppose 5 = -3*r + 23. Suppose -18 + r = 3*x. Is 78 + 0 - (x - -3) prime?
True
Suppose -135*t + 138*t - 4083 = 0. Is t a composite number?
False
Suppose 11641 + 765 = 2*j - 3*l, 0 = 5*j - 4*l - 31001. Is j a prime number?
True
Suppose 0 = i - f - 919, -3*i - f + 2785 = 3*f. Is i a prime number?
False
Let a(b) = b + 5. Let q be a(-3). Is (12/(-78) - (-1083)/26)*q composite?
False
Let g be ((-3)/(27/(-717)))/(3/315). Is (-8)/12 - g/(-15) composite?
False
Let u = -4882 + 10853. Is u prime?
False
Let v be 0/((-6)/(3 + 0)). Suppose v = -o - o + 6. Is o a composite number?
False
Let a(t) = 1937*t**2 + 22*t + 11. Is a(4) prime?
True
Is (0 - (-5 + 3))*6121/2 a prime number?
True
Let l = 46863 - 8146. Is l a prim